hat is the highest common factor of 84 and g?
21
Let m(h) = -4*h**3 + 3*h - 2. Let s be m(1). Let d = 17 + s. Suppose 8*t = 12*t - 112. What is the greatest common factor of t and d?
14
Let t(v) be the second derivative of 25*v**3/6 + 360*v**2 - 259*v. Let x be t(0). What is the greatest common factor of 45 and x?
45
Suppose 69*w + 285 = 72*w. What is the greatest common factor of w and 13015?
95
Suppose -31*h = -43*h + 420. Let f be (15/7)/(18/126). Calculate the greatest common factor of f and h.
5
Suppose -3*p + 4*g + 2529 = 2480, 3*p + 5*g - 202 = 0. Let y be (-8)/(-3) + (-2)/3. Let m be (2 + 1)/(y - 1). What is the greatest common divisor of m and p?
3
Let w(y) = 1178*y**2 + 2*y - 3. Let t be w(1). Suppose 0 = -14*q + t + 1175. What is the greatest common divisor of q and 294?
42
Suppose -272 = -7*l + 3*l. Suppose 4*m - 2*h - l = 0, -5*h - 3 - 7 = 0. Let g = 38 - m. Calculate the highest common factor of g and 33.
11
Let f(j) be the first derivative of -j**4/4 + 4*j**3/3 + 7*j**2 - 5*j - 45. Let l be f(6). Calculate the greatest common factor of l and 49.
7
Suppose 4*b + 0 = -2*k - 14, -3*b - k = 13. Let l be -1 - -3 - b/(-18)*-6. Suppose -2*x + 48 = 2*x. Calculate the greatest common divisor of x and l.
4
Let u be (-2 - -3)*-1 + -4. Let w be (-4)/u*(-550)/(-4). Let l be -22*(-9 + 8 - (1 - 1)). Calculate the highest common divisor of l and w.
22
Let d be (53 - (-11)/(-1))*4. Suppose 0 = -3*q - 0*q - 36. Let t be (-1 + 15)/(q/(-18)). Calculate the greatest common factor of d and t.
21
Let u be 8 + (72/(-9) - -117). What is the highest common factor of 2613 and u?
39
Suppose 23*k - u = 20*k + 148, -2*u + 184 = 4*k. Suppose -k*y + 17*y + 155 = 0. Calculate the highest common factor of y and 5.
5
Suppose 4*j - 486 = 234. Let h = -75 + j. Calculate the highest common divisor of 21 and h.
21
Let c = 557 - 325. Let h = 256 - c. What is the greatest common divisor of h and 8?
8
Let y = -84 - -86. Suppose 3*f - 8 = 5*f + 3*i, y*f - 2*i - 2 = 0. Let g be (27/6)/(f/(-10)). What is the highest common divisor of 15 and g?
15
Suppose 3*o = 5*o - 56. Suppose 0 = 3*y + 5*k - 58, 4*k = -y + 84 - 67. Calculate the highest common factor of o and y.
7
Let h be (4/(-2) - (-9 + 8 - -5)) + 102. What is the highest common factor of 2608 and h?
16
Let f = 141 - 61. Suppose -2*q + f = 44. Calculate the greatest common divisor of 2 and q.
2
Let j(x) = x**2 - 14*x - 595. Let y be j(41). What is the greatest common factor of 208 and y?
16
Let h(z) = -10*z - 478. Let d be h(-64). Calculate the greatest common factor of 1971 and d.
27
Let n = -25 - -46. Let p be ((-20)/(-6))/(-5) + 518/n. Let o be 258/p*(-7)/(-1)*4. What is the greatest common factor of o and 43?
43
Let a be -1*1*(33 - 8). Let s be -5*5/a*-5. Let g be 141 - s/((-20)/4). What is the highest common divisor of g and 14?
14
Suppose 0 = -2*q + h + 40 + 77, q - 4*h - 48 = 0. What is the greatest common factor of q and 740?
20
Let c(a) = -1093*a + 3309. Let y be c(3). Calculate the greatest common factor of y and 22230.
30
Let r(j) = 4*j**2 - 25*j + 99. Let w be r(7). What is the greatest common factor of w and 1620?
60
Suppose -2*g + 2*n = -970, 5*n - n + 1452 = 3*g. Let c = -185 - -193. What is the greatest common divisor of c and g?
8
Suppose -3*z - 3*x = 0, 11*z - 24 = 12*z - 5*x. Let s be 78/26 + 2/(z/(-38)). What is the highest common divisor of 506 and s?
22
Let q be 1/(-3*1/(-123)). Let k = -232 + 454. Let f = k + -181. Calculate the highest common divisor of f and q.
41
Suppose 0*t - 4*t - 4*c - 128 = 0, -t - 3*c = 28. Let q be -9 - 82 - 1/((-1)/5). Let h = t - q. What is the greatest common divisor of 26 and h?
26
Suppose 856 = -37*c + 20799. Calculate the greatest common divisor of 147 and c.
49
Suppose -26*u + 19*u = -7. Let s be 3 - (1 - -1) - (u - 8). Calculate the greatest common divisor of s and 200.
8
Let d(t) = t**2 + 37*t - 903. Let z be d(19). Suppose 4*j = 102 - 10. What is the greatest common factor of z and j?
23
Let l be (312/520)/((-18)/(-825))*2. Let k be 716 + (-2)/(1 + 1). Calculate the greatest common factor of l and k.
55
Let b(k) = 3*k + 6. Let y be b(6). Suppose 26*c - 29*c = -3*m + 3, 3*c - 21 = -5*m. What is the highest common factor of y and m?
3
Let g(q) = 95*q - 3377. Let y be g(79). What is the highest common factor of y and 32?
32
Let z be (-328)/574 + 23/28 + (-141)/(-12). Calculate the greatest common factor of z and 122.
2
Suppose 45*m - 40*m = 4*s + 14650, 8827 = 3*m + 5*s. What is the greatest common factor of m and 18?
18
Let n = 89 - 73. Let p be 4/(-4) - -1 - -2. Let t be 4*4*(9/p + -4). What is the highest common factor of t and n?
8
Suppose -6*f = 21 - 45. Let j(q) = 11*q + 2*q**3 - 1 + 7*q**3 + 0*q**3 - 4*q**2 - 6*q. Let h be j(f). What is the highest common factor of h and 59?
59
Let l = -3 - 1. Let b(w) = -8*w + 11*w**2 - 4 + 2*w**3 - 10 - 13*w + 23*w. Let o be b(l). Calculate the highest common factor of o and 130.
26
Suppose k = -5*z + 1305, -5 = -16*z + 11*z. What is the highest common factor of 225 and k?
25
Suppose 3*p + 214 = 550. What is the highest common factor of p and 532?
28
Let o(x) = -65*x**3 + 2*x**2 - 1. Let w be o(-1). Let v be ((-274)/(-3))/(-1 - (-8)/12). Let n = -268 - v. Calculate the highest common divisor of n and w.
6
Let y(x) = -x**2 - 2*x - 2. Let o(m) = -m + 1. Let w be o(3). Let g be y(w). Let n be 1/(g + 81/40). What is the highest common divisor of 16 and n?
8
Suppose -77*j - 2145 + 7251 = -1747. Calculate the greatest common divisor of 801 and j.
89
Suppose 3*w - 26 = 5*q, -25 + 1 = -2*w + 5*q. Suppose 5*o = -h + 233, 5*h = -23 + 38. What is the greatest common divisor of o and w?
2
Let u(c) = -37*c**3 - 13*c**2 - 107*c - 642. Let o be u(-6). Calculate the highest common factor of 528 and o.
132
Suppose 12 = 3*r - 9. Let l be 664/28 - (-2)/r. Let s be (72/14 + 0)/((-126)/(-588)). Calculate the greatest common factor of l and s.
24
Suppose -u - 75 = -16*u. Let h be (((-3920)/8)/u)/(-2). What is the highest common divisor of 21 and h?
7
Suppose -17*w + 0*w = 357. Let y be -7*3/w*19. Calculate the highest common factor of y and 76.
19
Let b be -562*(-2)/(-8) + 2/4. Let w = b + 156. Let q(m) = m**2 + 4. Let j be q(-6). Calculate the greatest common factor of w and j.
8
Suppose 0 = -c + 34 - 4. Let w be 20/(-50)*c/(-2). Calculate the highest common divisor of w and 18.
6
Let f be -195 + 283 + 18/2. What is the highest common factor of f and 2425?
97
Let v(x) = x - 14. Let o(r) = -2*r - 3 + 4 + 3*r. Let i(h) = 4*o(h) + v(h). Let y be i(4). What is the highest common factor of 4 and y?
2
Let d = 21 - 12. Suppose 203*f = z + 206*f - 224, -2*z = -2*f - 488. Let s = z + -233. Calculate the greatest common divisor of d and s.
3
Let j be 9/(2 - (-2)/(-4)). Suppose 0 = -8*z + j*z + 460. Suppose 288 = 3*w + 2*k, 2*w - 4*k = -22 + z. What is the greatest common factor of 14 and w?
14
Suppose 218*p + 5*h + 158 = 219*p, -h - 298 = -2*p. Calculate the highest common divisor of 962 and p.
74
Let x(b) = 14*b - 1. Let f be x(2). Let q = 42 - f. Let y = -36917 + 37022. Calculate the highest common divisor of q and y.
15
Suppose -74*r - 5 = -449. What is the greatest common divisor of r and 627?
3
Let u = 8040 - 8025. Calculate the greatest common divisor of u and 590.
5
Let l be ((1/2)/1)/(72/432). Let z be 106*(260/40 + l/(-2)). What is the greatest common factor of 10 and z?
10
Suppose 2*t - 7*t = -4*m - 1004, 1 = -m. Let f = t - 133. Let v be 2 + -3 + -2 + f. What is the highest common divisor of v and 48?
16
Let d = 8187 - 8052. What is the highest common divisor of d and 243?
27
Let a = 13151 + -3455. Calculate the highest common factor of 48 and a.
48
Let y = 38 - 25. Let x = y - 9. Suppose o = -x*w + 36, -w - 4*o = -3*w. What is the greatest common divisor of 64 and w?
8
Suppose 2*h = -0*h + 32. Let f = -5062 - -5081. Suppose o + h = -4*t, 2*o + 1 - f = 2*t. Calculate the greatest common factor of o and 88.
4
Suppose -4*s + 6*s + 2*d - 12 = 0, -4*s + 3*d - 11 = 0. Let i be s/((-5 - -9)/240). What is the greatest common factor of i and 15?
15
Let a be 4*87/(-2) + (-2 - -3). Let b = a + 211. What is the greatest common factor of 133 and b?
19
Suppose -2*r = 2*b + 3*b - 670, -5*r - 536 = -4*b. Suppose 6*x = b + 184. Suppose -52 = -3*k + x. 